 -13*v + 11*v + 496 = 0. Suppose -2*c + v = 3*x, 2*c + 0*c = -4*x + 328. What is the greatest common divisor of 32 and x?
16
Let x be -4*((-14)/4)/7. Suppose 100 + 99 = 2*c + 3*s, x*s = -c + 101. Calculate the greatest common divisor of c and 38.
19
Let w(o) = 3*o + 78. Let a be w(0). Calculate the highest common factor of a and 39.
39
Let x = 8 + -3. Suppose -4*n + 34 = 2*h, -n + 8 + 6 = -x*h. What is the highest common divisor of n and 9?
9
Let k(y) = 2 - 5*y**2 + 4*y + 6*y**2 + 2 + 2*y. Let v be k(-6). Suppose -2*f + 52 = 5*d - 2*d, -f - 4*d + 36 = 0. What is the highest common divisor of v and f?
4
Let b = -98 + 200. Suppose -4*z + 114 = -b. Calculate the greatest common factor of 81 and z.
27
Suppose 7*z - 4*i = 4*z + 30, 4*z = -4*i + 40. Calculate the greatest common factor of z and 45.
5
Suppose 2*t - 2*v - 93 = 15, t - 4*v = 66. Suppose -6*c = -3*c - 30. What is the greatest common factor of t and c?
10
Let b be -12*((-4)/8)/(1/20). What is the highest common factor of b and 15?
15
Let p = -161 - -193. What is the greatest common divisor of 80 and p?
16
Suppose 65 = 2*y - 47. What is the highest common factor of y and 7?
7
Let d(t) = 2*t**2 - 5*t - 10. Let v be d(5). What is the highest common divisor of v and 12?
3
Suppose -2*r - 8 + 34 = 0. Suppose -4*g = -335 - 29. What is the greatest common divisor of g and r?
13
Let f = -79 - -133. Let b = 4 + 2. What is the highest common divisor of f and b?
6
Let g(c) = 2*c - 7. Let o be g(9). Suppose 3*m = -2 + o. Calculate the highest common divisor of m and 12.
3
Let m be 714/78 - (-6)/(-39). Calculate the highest common divisor of 27 and m.
9
Suppose 0 = 5*m + 5*a + 5, 2*m - 4 = -0*m + 4*a. Suppose -5*c - 51 + 16 = m. Let b = c + 8. Calculate the greatest common factor of b and 4.
1
Let o be -5*(0 - 1)*2. Let r be (19 - 1*-2) + -1. Calculate the highest common factor of r and o.
10
Let r be 1*2*(-36)/24. Let y be 5/(3/(r/(-1))). Calculate the highest common factor of 40 and y.
5
Let y = -15 + 32. Let v = y - 1. What is the greatest common divisor of v and 64?
16
Let m(y) = 17*y**2 + y + 2. Let a be m(-6). Suppose 0*j + a = -4*j. Let d = -108 - j. What is the greatest common factor of d and 4?
4
Suppose 78 = 4*t + 3*k - 128, -5*t = -k - 248. What is the highest common factor of 10 and t?
10
Let v(x) = -x - 9. Let g be v(-14). Suppose 0 = -i + 1 + 2, -5*w + g*i + 40 = 0. Calculate the highest common divisor of 88 and w.
11
Let y(b) = b**2 - 9*b - 6. Let o be y(7). Let s be 12/4 - (o - -1). What is the greatest common divisor of s and 44?
22
Suppose -3*b - b - 8 = -4*h, 18 = 4*h + b. Suppose 2*p = g + 2, 0 = h*g - 6*g + 8. What is the greatest common divisor of p and 33?
3
Suppose 2*q - 96 - 278 = 0. Calculate the greatest common factor of q and 17.
17
Suppose -2*g - 91 = -333. What is the highest common factor of g and 11?
11
Let q(m) = -13*m**3 - 2*m**2 + 2*m + 4. Let t be q(-2). Calculate the highest common factor of t and 12.
12
Let u = 11 + -14. Let i be (3 + -61 + 3)*u. What is the highest common divisor of i and 15?
15
Let k(b) = b**3 - 7*b**2 + 6*b - 3. Suppose 5*f = -2*m - 1, 3*m - f - 2*f - 30 = 0. Let h be k(m). Calculate the highest common factor of 26 and h.
13
Let v = 91 - 55. Calculate the highest common divisor of v and 144.
36
Suppose m - 5*m + 4*o = -88, -2*m = -o - 43. Suppose 5 - m = -p. What is the highest common divisor of p and 40?
8
Let b be (9 - 6) + 18 + -1. What is the highest common factor of 4 and b?
4
Suppose 5*m - 351 = 3*i, -5*i - 67 = -2*m + 62. What is the greatest common divisor of m and 8?
8
Let b = 54 + -25. Suppose 0 = 5*y - b - 16. Calculate the greatest common factor of 72 and y.
9
Suppose -3*f + 2 = -4. What is the highest common factor of f and 10?
2
Suppose 4*r + 1 - 5 = 0. Let l = r - -4. Suppose -19 - 101 = -l*j. What is the greatest common factor of j and 16?
8
Let r(o) = -o - 6. Let c be r(-9). Let p = c + 1. Suppose 0*f - 39 = -3*f - 3*s, -f + p*s = -38. Calculate the greatest common factor of f and 12.
6
Suppose 0*f + 4*f + 452 = 4*y, -2*y + 211 = 3*f. Calculate the greatest common divisor of 44 and y.
22
Suppose 0 = 8*j - 6*j - 88. Let v(f) = -f + 8. Let y be v(6). Suppose 3*h + 1 = -y*m, -h + 10 = -4*m + 29. Calculate the highest common divisor of j and m.
4
Suppose 5*g + 69 = 5*h + 549, 5*g = -4*h + 480. What is the highest common divisor of g and 12?
12
Let h(i) = i**3 + 6*i**2 + 7*i + 10. Let k be h(-4). Let p(n) = -n**3 - 3*n**2 + 10*n + 8. Let f be p(-6). What is the greatest common divisor of f and k?
14
Suppose -21 = -4*n + 3*n. Let j = n - 13. Calculate the highest common divisor of j and 12.
4
Let v = -19 + 65. Suppose -3*k - k + a = -35, v = 5*k + a. Let h = 173 + -155. What is the highest common factor of k and h?
9
Suppose -3*w = 24 + 6. Let z be (5/w)/((-1)/120). Calculate the greatest common factor of z and 24.
12
Let d = 99 - 176. Let m be d/7*(-1 - 0). What is the highest common factor of m and 44?
11
Let f be ((-6)/4)/((-1)/10). Suppose -y - 25 = 4*k - 98, 220 = 4*y - 2*k. Let o = y + f. Calculate the highest common factor of o and 9.
9
Let a(d) = -19*d. Let p be a(1). Let h = p + 37. Calculate the greatest common divisor of h and 2.
2
Let a = 160 - 64. Let k be 1 + 3/((-6)/26). Let w be (-3)/k + 141/12. Calculate the greatest common factor of w and a.
12
Let s(q) = q**3 - 6*q**2 - 3*q - 3. Let b be s(9). Suppose -91 = -5*f + 2*u + b, 0 = -f - 5*u + 50. Calculate the highest common divisor of f and 24.
12
Suppose 0*h - 3*h + 45 = 0. Suppose 3*z + 60 = 8*z. Suppose 3*l = l + z. Calculate the highest common factor of l and h.
3
Suppose -3*r - 4*l = 2*r - 713, -5*r + 740 = -5*l. Suppose -3*j = 3*k - 81, -4*k - r = -5*j - 37. Calculate the greatest common divisor of 6 and j.
6
Let h be -6 + 10 - (-195 + 1). What is the greatest common divisor of 18 and h?
18
Let j(c) = 2*c**2 + 5*c + 4. Let x = 0 - 3. Let m be j(x). Let v = -130 + 186. What is the greatest common divisor of m and v?
7
Suppose x - 6*x = -k + 4, 2*k + 2*x - 68 = 0. Calculate the greatest common divisor of k and 261.
29
Let z(p) = -p**3 + 7*p**2 - 4*p - 1. Let s be z(6). Suppose -i - 24 = -2*x - 2*i, 0 = x + i - s. Calculate the greatest common divisor of x and 143.
13
Let p be (6*3)/1 + 0. Let x = -1 + 3. Let o(w) = 6*w**3 + 2*w**2 - 2*w + 2. Let i be o(x). What is the highest common factor of i and p?
18
Let a = 47 - 40. Calculate the highest common factor of 56 and a.
7
Let n = -1 + 1. Let u(y) = -4 - 49*y + 1 + n. Let p be u(-3). Calculate the highest common divisor of p and 16.
16
Suppose v = 2*q + 5, -2*q = 3*v + 2*v - 49. Let l be (-2)/(-6) - (-242)/3. What is the highest common divisor of v and l?
9
Let y(s) = -3*s + 5. Let g(h) = h - 1. Let t(b) = 2*g(b) + y(b). Let l be t(0). Calculate the greatest common factor of 9 and l.
3
Suppose 3*u + u - 5*a - 6 = 0, -u - 3*a = 7. Let v be (-1)/(u/(-1)) - -37. What is the greatest common factor of v and 24?
12
Let g(w) = 49*w + 5 + 2*w - 4 - 8*w. Let a be g(5). Suppose -4*s - i + 282 = 0, -3*s + 4 + a = 5*i. Calculate the highest common factor of s and 10.
10
Let g(m) = 133*m**3 - m**2 + m - 1. Let i be g(1). Let q(k) = 5*k + 2. Let b be q(2). What is the greatest common divisor of b and i?
12
Let t(w) = w**3 + w**2 + 82. Let s be t(0). Suppose -2*a + 109 = 3*u, -4*u + 5*a = -s - 48. Calculate the greatest common factor of u and 7.
7
Suppose q + 3*q = 204. Suppose -2*j - 48 = j - n, 4*j = -3*n - q. Let p be (1/((-3)/j))/1. What is the highest common factor of p and 2?
1
Let d be ((-4472)/455 - 2/(-5))*-7. What is the highest common divisor of d and 88?
22
Let h = 26 + -12. What is the greatest common factor of 98 and h?
14
Let y(j) = 6*j - 2. Let o be y(3). Let v(z) = 3*z + 4. Suppose -3*h = -14 + 2. Let u be v(h). Calculate the highest common factor of u and o.
16
Let y(r) = -6*r - 30. Let g be y(-13). What is the highest common factor of g and 32?
16
Suppose -3*t + 91 = 4*t. Calculate the highest common factor of 117 and t.
13
Let q(r) = 2 - 17 + 5 - 11*r. Let v be q(-6). What is the greatest common divisor of 14 and v?
14
Suppose -10 = -2*y + 4*z, -4*y = 5*z - 12 - 8. Suppose 5*t = -y + 60. What is the highest common factor of 77 and t?
11
Let l be (1 + 0)/((-4)/(-68)). Let w(a) = -a**2 - 21*a + 9. Suppose -b 